 of 136 and g?
17
Let k be (-3)/(15/(-169)) - (-28)/(-35). Calculate the greatest common factor of k and 22.
11
Suppose -2*n + i = -25, 4*n + 5*i = 57 + 28. Calculate the greatest common divisor of 10 and n.
5
Let r be 3/(-12) - 546/(-8). Calculate the highest common divisor of r and 102.
34
Suppose -2*d = -d - 15. Let o be 39/d + 6/15. What is the greatest common divisor of 3 and o?
3
Suppose -3*a = 2*a - 10. Let w be (-10 - -5)/((-5)/2). Calculate the greatest common divisor of w and a.
2
Suppose 0 = 3*f - 8*f + 180. What is the greatest common factor of 6 and f?
6
Let r be 1295/9 + 17/153. What is the highest common divisor of r and 16?
16
Suppose 9*t - 4*t = 100. Let h(w) = -w**2 + 12*w - 2. Let f be h(8). Calculate the highest common divisor of t and f.
10
Let z be 127 - (-1 - 4/(-2)). What is the greatest common divisor of 18 and z?
18
Let a be 354/48 + 3/(-8). Calculate the greatest common divisor of a and 7.
7
Let j(q) = -5*q + 32. Let i be j(4). What is the greatest common factor of i and 84?
12
Suppose -4*p - 45 = -5*h, 0 = -5*h - 0*h + 2*p + 45. Calculate the highest common divisor of h and 45.
9
Let k(d) = -d + 51. Let t be k(27). What is the greatest common divisor of 96 and t?
24
Let m be (2/(-6))/(1/(-561)). What is the greatest common factor of 17 and m?
17
Suppose 0 = 3*t - 2*n - 5, -3*t + 13 = -0*t + 2*n. Suppose 5 = t*u - 40. Suppose -300 = -0*s - 5*s. What is the greatest common divisor of u and s?
15
Let v = -26 - -51. Calculate the highest common factor of 10 and v.
5
Let c = -24 - -39. Let n be (1 + -4)*(-255)/17. What is the greatest common factor of n and c?
15
Let t = 23 + 41. Calculate the highest common factor of 16 and t.
16
Let q be (-6*11)/(30/(-20)). Calculate the greatest common divisor of q and 66.
22
Let o = 74 - 68. What is the greatest common divisor of 9 and o?
3
Let u(r) = -r**3 + r**2 - r + 55. Let i be u(0). Suppose 0 = 4*k - 62 - 58. Let o = k - 8. Calculate the highest common divisor of o and i.
11
Let d be 2/4 + 750/20. Let k = 74 - d. What is the greatest common factor of k and 12?
12
Let l(g) = 4*g**3 + g. Let m be l(1). Suppose m*i + 12 = 2*c + 6*i, -2*c = -i - 8. What is the greatest common divisor of 2 and c?
1
Let m(d) be the second derivative of -d**5/20 - d**4/3 + 2*d**3/3 + 5*d**2/2 + 7*d. Let s be m(-5). Calculate the highest common divisor of s and 70.
10
Let b(y) = 2*y**2 - 5*y - 1. Let t be b(4). Suppose -5*q = -5*d + 15, -7*q + 2*q = 3*d - 33. Let u = d + 27. Calculate the highest common divisor of t and u.
11
Suppose 0 = 4*h + s - 15 - 6, 5*h - 2*s = 10. Suppose 20 = h*t + 3*z, -2*z = 4*t - 6*z - 20. Calculate the highest common factor of 5 and t.
5
Let k be 4/(-6) + (-161)/(-21). Suppose 0 = -0*j - 2*j - 5*n + k, 0 = -4*j - n + 23. Calculate the highest common divisor of j and 4.
2
Let l = 2 - 3. Let b = 11 + l. Calculate the greatest common divisor of 110 and b.
10
Let h be (6/(-9))/(2/(-42)). What is the greatest common factor of h and 7?
7
Let b = -21 + 14. Let u = -3 + b. Let c be (8/u)/(2/(-55)). Calculate the highest common factor of 2 and c.
2
Suppose -i + 21 = 3*l, 4*l + l - 27 = -i. Let z be 104/i*3/2. Suppose n = -n + 78. What is the greatest common factor of z and n?
13
Suppose -6*p + 333 = -99. Let w = 15 - 0. Let l = -7 + w. Calculate the greatest common divisor of l and p.
8
Let s = 66 + -45. Let o(l) = -l**3 - 23*l**2 + 22*l - 34. Let p be o(-24). What is the highest common factor of p and s?
7
Let y(g) be the second derivative of -g**5/4 - g**4/12 + 2*g. Let c be y(-1). Suppose -c*h + 312 = -h. What is the greatest common factor of 13 and h?
13
Let t be 72/(-7)*105/(-30). What is the highest common divisor of t and 9?
9
Suppose 12 = -g - g. Let a be (-7 - -1)*20/g. Calculate the highest common divisor of 8 and a.
4
Let w be 0*((-3)/2)/3. Suppose w = p + p. Suppose p = -j + 3*j - 36. What is the greatest common divisor of j and 12?
6
Suppose -3 + 5 = h. Let q = -106 - -274. Suppose -h*j + q = j. What is the greatest common factor of j and 14?
14
Let h be (0 + 117/(-2))*-2. Suppose -4*o - 3*l = -48, 5*l + 52 = 4*o - 28. Let c = o + -2. Calculate the greatest common factor of c and h.
13
Let u be -2 - -2 - (-1 - 1). Suppose -4*t + u = -2*t. Let n = t - -5. What is the highest common factor of n and 6?
6
Suppose 0 = -5*g + 184 - 4. Calculate the greatest common divisor of g and 18.
18
Let d = -369 - -573. Suppose x - z = -3*x + d, -4*x + 5*z = -188. Suppose -2*u + 35 = 3*w, 5*w - 2*u = 2*w + 43. What is the greatest common divisor of x and w?
13
Let g = -261 - -525. Calculate the greatest common divisor of g and 24.
24
Let l(j) = 19*j**2 - 1 + 8*j - 8*j. Let n be l(1). Calculate the greatest common factor of n and 12.
6
Let b = -189 + 336. Calculate the highest common factor of b and 21.
21
Let c(p) = -5*p - 15. Let g be c(-5). What is the highest common divisor of 40 and g?
10
Suppose -11 - 9 = -2*s. Suppose 5*b + 113 = 313. Calculate the highest common factor of s and b.
10
Suppose -5*i = -i. Suppose 3*k - 18 = -i. What is the greatest common divisor of k and 42?
6
Let i be -9*4/(0 + -1). Let f be 26 + -1 + 1/(-1). What is the highest common factor of f and i?
12
Let o = 18 - 17. Calculate the highest common divisor of o and 9.
1
Let g(r) = -r**2 + 4. Let t be g(0). Let y be (3 - t)*1/(-1). What is the highest common factor of 11 and y?
1
Let q be (-176)/20 + 1/(-5). Let u(f) = -5*f - 10. Let z be u(q). Suppose -3*w + 6*w - 21 = 0. What is the highest common factor of w and z?
7
Let y(o) = -o**3 + o**2. Let r(g) = -3*g**3 + 10*g**2 - 7*g - 6. Let h(f) = -r(f) + 5*y(f). Let j be h(-5). What is the greatest common factor of j and 12?
12
Suppose 3*g - 3*u + 0*u = 831, 0 = -3*g + 2*u + 833. What is the greatest common factor of g and 9?
9
Let i(w) = w - 7. Let u be i(8). Suppose 0 = -f - 3 + 5. Calculate the greatest common factor of u and f.
1
Suppose -53*m - 20 = -58*m. What is the highest common factor of 4 and m?
4
Let r be 2 - -77 - 1*-2. Let b be (-4)/(-2) + (0 - -2). Suppose -5*y + 9 = -b*s - 52, 65 = 5*y - 5*s. What is the greatest common factor of y and r?
9
Let u(x) = -7*x - x - 1 + 3*x. Suppose -2 = 2*h - 0. Let q be u(h). Calculate the highest common divisor of 44 and q.
4
Let f(u) = 0 + 7*u - 6 - u**2 + 2. Let h be f(6). Let b = 28 - 14. What is the greatest common divisor of h and b?
2
Suppose j + 11 = 7*f - 3*f, -21 = f - 5*j. Suppose -4*w - 9 = 3*r, 3*r - 22 = 4*w - 7. Calculate the greatest common factor of r and f.
1
Let q = -220 + 235. What is the greatest common divisor of q and 30?
15
Let s(h) = -h**3 + 6*h**2 + 7*h + 3. Let k be s(7). Calculate the highest common divisor of 9 and k.
3
Let t(z) = -z**2 + 6*z + 7. Let s be t(5). Let f(c) = c**3 - 4*c**2 + 5*c - 2. Let p be f(4). What is the highest common factor of p and s?
6
Suppose 27 = 5*g - 23. What is the highest common factor of 4 and g?
2
Let n(j) = -3*j - 45. Let a be n(-18). Let u(z) = 5*z - 2 - 3 + 4 - z**2. Let t be u(4). What is the greatest common divisor of a and t?
3
Suppose -4*l - 2 = -2*l. Let v(p) = -145*p**3 - p**2. Let z be v(l). Calculate the highest common factor of 16 and z.
16
Suppose -i = -5*i + 2*v + 40, -i + 10 = 3*v. Let j(w) = w**3 - 10*w**2 + 9*w - 13. Let h be j(i). What is the highest common factor of 11 and h?
11
Let v = 1 - -3. What is the greatest common divisor of v and 4?
4
Let g = -45 - -47. Let l be 6 + (-6)/(-9)*-3. What is the greatest common divisor of g and l?
2
Let h = -391 + 615. What is the greatest common factor of 28 and h?
28
Let m(k) = 20*k**2 + 6. Let d be m(-5). Calculate the highest common divisor of 46 and d.
46
Suppose -3*l = -5*l + 462. Suppose -b = -4*b + l. What is the highest common factor of 11 and b?
11
Let s(d) = -d**2 + 9*d + 21. Let r be s(10). What is the highest common divisor of r and 11?
11
Let g be 1*27 + (-4)/2. Let f(a) = a**2 - 4*a + 4. Let r be f(-8). What is the greatest common divisor of r and g?
25
Suppose -6 = 5*u + 9. Let k = -2 + u. Let g(z) = -3*z - 1. Let s be g(k). What is the greatest common divisor of 14 and s?
14
Suppose 0 = -49*g + 49 + 490. Suppose b + 2*q = -2*b + 140, 172 = 4*b - q. Calculate the greatest common divisor of g and b.
11
Let a(m) = 2*m - 39. Let q be a(20). Calculate the greatest common divisor of 1